 divide 137820?
True
Is 18099 a factor of 7247587153?
False
Is 740 a factor of 3541896507?
False
Does 692 divide 45959180?
True
Is 3855 a factor of 1074920607?
False
Is 22 a factor of 372968911?
False
Does 12 divide 300816319?
False
Does 1087 divide 6982044?
False
Is 423456 a multiple of 528?
True
Is 130458982 a multiple of 1093?
False
Does 520 divide 66099800?
True
Is 714003527 a multiple of 16?
False
Is 5 a factor of 37500117?
False
Is 1652 a factor of 10306828?
True
Is 9 a factor of 180759098?
False
Is 26530203 a multiple of 7?
True
Does 1438 divide 109450394?
False
Is 2604291274 a multiple of 26?
True
Is 849171672 a multiple of 8?
True
Does 69 divide 33217152?
True
Is 868760211 a multiple of 1045?
False
Does 96 divide 502875456?
True
Is 3174208 a multiple of 379?
False
Does 246 divide 23475496?
False
Does 38 divide 37255694?
True
Is 4 a factor of 1242203031?
False
Is 81 a factor of 56539168?
False
Is 923 a factor of 521946347?
True
Does 18 divide 24008351?
False
Is 2135 a factor of 349982010?
True
Does 206 divide 288366010?
True
Is 19 a factor of 303064421?
True
Does 81 divide 103082680?
False
Is 97415185 a multiple of 7?
True
Is 1036460880 a multiple of 390?
True
Is 22 a factor of 427893334?
True
Does 3285 divide 1240376580?
True
Is 27 a factor of 1429004943?
True
Is 28 a factor of 85039075?
False
Is 87 a factor of 2644461?
False
Does 7 divide 6600886?
False
Is 507 a factor of 4024295227?
False
Is 1829464794 a multiple of 18?
True
Does 30 divide 31676328?
False
Is 2 a factor of 28891283?
False
Is 241 a factor of 144088357?
True
Is 723 a factor of 14211288?
True
Does 72 divide 20984256?
True
Is 22 a factor of 468455219?
False
Is 164528106 a multiple of 893?
True
Does 1211 divide 134852116?
True
Is 96514704 a multiple of 78?
True
Does 57 divide 8744987?
False
Is 20979105 a multiple of 161?
True
Does 1328 divide 70897936?
True
Is 7 a factor of 637000?
True
Does 416 divide 709902752?
True
Is 2069 a factor of 201777156?
True
Is 206820696 a multiple of 271?
True
Is 76900656 a multiple of 112?
True
Does 37 divide 12336614?
True
Does 331 divide 1220845766?
False
Is 208924934 a multiple of 527?
True
Is 2278676 a multiple of 9?
False
Does 28 divide 543678100?
True
Is 87 a factor of 29476228?
False
Is 592 a factor of 744530576?
True
Is 941406714 a multiple of 2410?
False
Is 2764556625 a multiple of 15?
True
Is 167285183 a multiple of 100?
False
Does 198 divide 9442841?
False
Does 102 divide 226451322?
True
Is 21 a factor of 195201216?
True
Is 66115808 a multiple of 176?
True
Is 3372 a factor of 1065079920?
True
Is 44364431 a multiple of 14?
False
Is 4 a factor of 89262874?
False
Is 9818865 a multiple of 305?
True
Is 33 a factor of 30187618?
False
Is 83 a factor of 3673969187?
True
Is 3 a factor of 3125313?
True
Is 121454559 a multiple of 5589?
True
Does 2 divide 30429091?
False
Does 108 divide 16178080?
False
Is 38 a factor of 137294?
True
Does 3050 divide 62412150?
True
Is 40 a factor of 3191814160?
True
Is 151 a factor of 36227014?
True
Does 142 divide 23553962?
False
Does 698 divide 97700456?
True
Is 227 a factor of 9269091?
True
Is 20482115 a multiple of 159?
False
Does 7 divide 8886101?
True
Is 26 a factor of 18482376?
False
Is 57721372 a multiple of 12?
False
Does 74 divide 54402217?
False
Is 11 a factor of 13712682?
False
Is 868377325 a multiple of 8?
False
Is 1149 a factor of 6347076?
True
Is 269792300 a multiple of 46?
True
Is 203753466 a multiple of 3638?
True
Is 20 a factor of 1023138987?
False
Is 672406687 a multiple of 33?
False
Does 5231 divide 1311814487?
True
Does 379 divide 1229338388?
False
Does 1204 divide 621232178?
False
Is 487 a factor of 42822884?
True
Is 65582490 a multiple of 31?
False
Does 79 divide 151391857?
False
Does 7 divide 842246174?
True
Does 5 divide 147901692?
False
Does 18 divide 210439311?
False
Is 45 a factor of 112843266?
False
Does 1374 divide 943180625?
False
Is 6 a factor of 1299210?
True
Does 7 divide 4325186852?
True
Is 39181401 a multiple of 157?
False
Is 34306327 a multiple of 22?
False
Is 63 a factor of 78277307?
False
Is 1848602448 a multiple of 319?
True
Is 244259085 a multiple of 21?
True
Is 24 a factor of 307470634?
False
Is 11 a factor of 818232384?
False
Is 160 a factor of 78097575?
False
Does 330 divide 1435491?
False
Is 77 a factor of 2102857834?
True
Is 8143050 a multiple of 50?
True
Is 13 a factor of 17016141?
False
Is 353464272 a multiple of 204?
True
Is 136216080 a multiple of 420?
True
Is 721 a factor of 15290247?
True
Is 6110200 a multiple of 100?
True
Is 16928361 a multiple of 36?
False
Does 9 divide 17684829?
True
Does 311 divide 4837916?
True
Is 57017861 a multiple of 1552?
False
Does 8 divide 1464611432?
True
Is 549 a factor of 114814566?
True
Does 33 divide 38336793?
True
Is 111 a factor of 22811388?
True
Is 30 a factor of 712622394?
False
Is 1335730913 a multiple of 10?
False
Is 47 a factor of 2755587731?
False
Is 483796290 a multiple of 1982?
True
Does 1146 divide 113308595?
False
Is 34218969 a multiple of 309?
True
Does 235 divide 3206810?
True
Is 24 a factor of 31289325?
False
Does 680 divide 49764440?
True
Is 698488803 a multiple of 11?
False
Is 286896844 a multiple of 1904?
False
Is 44049660 a multiple of 30?
True
Does 6 divide 167211948?
True
Is 232080184 a multiple of 1929?
False
Is 119 a factor of 288179943?
False
Is 5325 a factor of 1198028401?
False
Is 171 a factor of 865140336?
False
Does 386 divide 13261649?
False
Is 2088362267 a multiple of 6053?
False
Is 43897622 a multiple of 11?
False
Is 408438721 a multiple of 197?
True
Is 6 a factor of 2851046?
False
Is 3 a factor of 51320833?
False
Is 336 a factor of 27532259?
False
Is 194 a factor of 46577072?
True
Is 376 a factor of 217552848?
True
Does 8 divide 18689344?
True
Is 9 a factor of 58722822?
True
Does 832 divide 1884805?
False
Is 673 a factor of 10474572?
True
Is 47 a factor of 766380026?
True
Is 574 a factor of 357180593?
False
Is 45787412 a multiple of 142?
False
Is 17 a factor of 1403418?
True
Does 28 divide 597365635?
False
Is 1609729440 a multiple of 2249?
False
Is 142360214 a multiple of 50?
False
Is 44063520 a multiple of 15?
True
Is 175 a factor of 3872354?
False
Does 189 divide 57747627?
True
Is 190903662 a multiple of 9?
True
Is 178085412 a multiple of 276?
True
Does 227 divide 1748469770?
True
Is 247167180 a multiple of 156?
True
Is 293 a factor of 12473010?
True
Is 4 a factor of 588946059?
False
Does 508 divide 169168572?
True
Is 87792704 a multiple of 700?
False
Is 49998855 a multiple of 2273?
False
Is 489 a factor of 132509709?
True
Does 33 divide 2129827788?
True
Does 61 divide 350962097?
True
Does 1386 divide 474144251?
False
Is 1587 a factor of 12291845?
False
Does 103 divide 64908437?
True
Is 1551282 a multiple of 6?
True
Is 132 a factor of 12976788?
True
Does 26 divide 215740096?
True
Is 7267824 a multiple of 106?
False
Is 121738330 a multiple of 938?
True
Is 2 a factor of 14385390?
True
Is 10127537 a multiple of 5?
False
Does 363 divide 1486485?
True
Does 3191 divide 4501072562?
False
Is 3139 a factor of 16084236?
True
Is 2542644038 a multiple of 35?
False
Does 8 divide 28341094?
False
Does 138 divide 4480758?
False
Does 70 divide 702284310?
True
Does 5 divide 286782451?
False
Does 1315 divide 580150385?
True
Is 33 a factor of 1049923512?
True
Is 198826253 a multiple of 387?
False
Is 772699660 a multiple of 41?
False
Is 1320 a factor of 172847491?
False
Is 14214720 a multiple of 195?
True
Is 140965434 a multiple of 12?
False
Is 50550001 a multiple of 9098?
False
Is 7464633 a multiple of 36?
False
Does 466 divide 7751444?
True
Does 4020 divide 255975120?
False
Is 2 a factor of 20132075?
False
Does 35 divide 265274800?
True
Is 23625398 a multiple of 169?
False
Is 2787349437 a multiple of 9835?
False
Does 13 divide 5335977?
False
Is 14 a factor of 1325855502?
False
Is 6448 a factor of 836675717?
False
Is 16 a factor of 46064624?
True
Is 269 a factor of 259587959?
True
Is 11 a factor of 1221440208?
False
Is 6 a factor of 234593652?
True
Is 10 a factor of 798944010?
True
Does 17 divide 13264012?
True
Is 509 a factor of 146161609?
False
Does 6259 divide 1035647308?
False
Is 95265203 a multiple of 976?
False
Is 61686960 a multiple of 410?
True
Is 214370572 a multiple of 19?
False
Is 28 a factor of 2